- 20*n**2. Suppose -3*c + 6 = -2*d + 4*d, 3*c - 2*d = 6. What is l(c)?
-5
Suppose -2*w + 2*f = 2, 2*w = -3*w + 3*f + 1. Let b(u) = 2 + 9 - 4*u**2 - 9 - w*u. What is b(2)?
-18
Let v(b) = -b**3 - 7*b**2 - 9*b - 8. Let h(d) = 2*d + 36. Let t be h(23). Suppose -4*g + 58 = t. Determine v(g).
10
Let u(d) = 6*d**3 + 4*d**2 - 9*d - 11. Let z(a) = -3*a**3 - 2*a**2 + 4*a + 5. Let p(k) = 4*u(k) + 9*z(k). Calculate p(-2).
17
Suppose -5*a = 3*k - 27, -2*a - 2*a = -4*k + 4. Let o(p) = 4 - 4*p**a - 5*p + 0*p**3 + 2*p**3 + p**3 + 4*p**2. Give o(3).
-2
Let c be (-2)/6 + 35/15. Let k(b) = -7*b**2 + 0*b**c + b**2 - 1 + b. Let t be (-2)/3*5/30*-9. Determine k(t).
-6
Suppose -5*l - m = 6, -2*l - 6 = -l - m. Let s(z) = -z**2 - 4*z - 3. Let w be s(l). Let n(i) = 0*i**2 + w - i**2 + 0 + 4*i. Determine n(3).
4
Let m(q) = q**2 + 6*q + 1. Suppose -3*g - 34 = -5*h, -32 + 10 = 4*g + 5*h. What is m(g)?
17
Let m(v) = -v + 8. Let b(h) = -h + 28. Let d be b(21). Let i = d - -4. What is m(i)?
-3
Suppose 4 = c + 3. Let p(f) = f**3 + 1. Let o(t) = -3*t**3 + 9*t**2 - 7*t - 4. Let w(j) = c*o(j) + 2*p(j). Give w(8).
6
Suppose 3*m = 5*n - 47 + 12, 0 = -m. Let u(r) = r**2 - 4*r. Let o be u(5). Let q = o - n. Let i(k) = 2*k**3 + 2*k**2 + 2*k + 3. Calculate i(q).
-9
Let l(a) = -4*a + 6. Let v(r) = 10*r - 18. Let w(y) = -7*l(y) - 3*v(y). What is w(9)?
-6
Let y(r) = 13*r**3 + r**2 - 1. Let k be y(1). Let m = 19 - k. Let j(c) be the third derivative of -c**4/24 + c**3/2 + 188*c**2. Determine j(m).
-3
Let v be (55 + 7)/(4/2). Let q(t) = -42*t + 30*t + v*t. What is q(1)?
19
Let c be (54/3)/(24/(-16)). Let b(p) = -3*p - 28. What is b(c)?
8
Let h(t) = -5*t**3 + 5*t**2 + 4*t - 5. Let r(k) = -7*k**3 + 5*k**2 + 5*k - 4. Let b(p) = -3*h(p) + 2*r(p). Calculate b(5).
-3
Let v(y) = y + 10. Suppose 3*z - 2*j - 3 = 0, -2*z + 14 + 7 = 5*j. Let p be (-33)/18 + 2 - z/18. What is v(p)?
10
Let q(i) be the second derivative of -1/12*i**4 + 0 + 5/2*i**2 - 2/3*i**3 - 11*i. Calculate q(-4).
5
Let k(y) = 3*y - 7. Let a be k(-16). Let c = a + 55. Let w(g) = g**3 + g**2 + g - 3. Calculate w(c).
-3
Suppose -8*m + 0*m + 64 = 0. Let u(x) = -x**3 + 7*x**2 + 7*x + 14. Determine u(m).
6
Let r(x) = -19*x - 1. Suppose -43*v + 38*v + 5 = 0. Give r(v).
-20
Let p(j) = -j**2 - 8*j - 6. Let d be 6*(-5)/(-10) + (-44)/4. Give p(d).
-6
Let b(z) = z**3 + 5*z**2 + 4*z + 5. Let i(k) = 4*k + 1. Let o be i(-1). Let u = 27 - 26. Let a be (12/9)/(u/o). Give b(a).
5
Let f = 2 + 4. Let w(l) = 3*l - f*l**2 - 1 - 8 + l**3 - 9*l + 0. What is w(7)?
-2
Suppose h + 1 - 3 = 0. Suppose -12 = -h*n + 4*n. Let y(r) = -r - 4. What is y(n)?
2
Let y(k) be the first derivative of -k**5/120 + 5*k**4/24 + 2*k**3 + 7. Let r(x) be the third derivative of y(x). What is r(4)?
1
Let l(u) be the first derivative of -4*u**2 + 1/3*u**3 + 6*u + 3. Suppose -16 = -3*q + w - 1, -20 = -4*q - 2*w. Give l(q).
-9
Suppose 2*a + 18 = 3*y + 5*a, 9 = y + 4*a. Suppose 3*c + 7 - 18 = -5*n, 5*n - y = 0. Let x(i) = 7 - c*i + i - 3. Determine x(3).
1
Let o(g) = 9 - 6 - g + 8*g - g. Suppose 10*a - 20 = 20*a. What is o(a)?
-9
Let x(i) = -3 + 4*i - i**2 + 21*i**3 - 50*i**3 + 14*i**3 + 16*i**3. Determine x(2).
9
Let u be (1 - 6)*-1*32/(-40). Let z(a) be the second derivative of -a**4/12 - 2*a**3/3 - a**2/2 - 2*a. Let i(f) be the first derivative of z(f). Calculate i(u).
4
Let x(p) = p**2 - 4*p - 17. Let s be x(7). Suppose 9 = -z + s*z. Let u(l) = l**3 - 5*l**2 + 5*l - 2. Determine u(z).
-5
Let o(m) = -8*m - 15. Let k be o(-3). Let y(n) = n - 10 - 9*n + k*n. Determine y(6).
-4
Let i(z) = 3*z - 5. Suppose -n - 4*n = 4*m + 24, -13 = 3*n + m. Determine i(n).
-17
Let f(a) = 7*a**3 + 4*a**2 - 6*a + 7. Let s(g) = 15*g**3 + 7*g**2 - 11*g + 12. Let n(u) = -7*f(u) + 4*s(u). Let h = -1 + 0. Calculate n(h).
-10
Let h(o) = -23448*o + 2*o**2 + 12 + 23425*o - 4*o**2. What is h(-11)?
23
Let c(m) = -m**3 - 7*m**2 + m - 5. Let f(d) = -d**3 - 6*d**2 - d - 4. Let s be f(-6). Suppose s*l + 13 = -1. What is c(l)?
-12
Suppose 0*l - 2*l + 6 = 0. Suppose 5*r - 12 = 4*w, -r - r = -l*w - 2. Let i(d) = 0*d + d - w*d. Give i(-5).
5
Let a(n) be the third derivative of 0*n - 11/3*n**3 - 1/24*n**4 + 19*n**2 + 0 + 1/60*n**5. What is a(0)?
-22
Let s(b) = 0*b**3 - b**2 - b**3 + 323 + 6*b - 160 - 162. Give s(-4).
25
Let v(u) be the first derivative of -u**4/4 + 4*u**3/3 - 3*u**2/2 + 6*u + 1258. Suppose -2*k = -4 - 4. Calculate v(k).
-6
Let g be (-5)/60*3*-4. Let c(j) = 4*j**3 - j**2 + j + 1. Let n be c(g). Let p(s) = s**3 - 4*s**2 - 2*s - 6. What is p(n)?
9
Let d(w) = -15*w**3 - 14*w**2 - 5*w + 4. Let m(n) = 13*n**3 + 13*n**2 + 5*n - 4. Let o(q) = -6*d(q) - 7*m(q). Calculate o(-6).
-2
Let j be (54/18)/(-2 + 3). Let z(b) = b**3 - 2*b**2 - 2*b - 1. Give z(j).
2
Let w(g) = g**3 - 6*g**2 + 4*g + 7. Let x = 2 + 3. Suppose -5*b - 2*q = -19, 0*b + x*b - 3*q = 9. Suppose r - 2 = -2*u - 1, -b*r - 3*u + 9 = 0. Determine w(r).
2
Suppose -x - 26 = -4*f, -28*f + 27*f + 5 = 0. Let r(t) = -t**2 - 2*t + 13. Determine r(x).
-11
Let f(w) be the first derivative of w**7/840 - w**6/72 - w**5/15 + 3*w**4/8 + 9*w**3 + 59. Let p(x) be the third derivative of f(x). Determine p(6).
-3
Let c(a) = 6*a - 26. Let o = 1000 + -996. What is c(o)?
-2
Let t(y) = 3*y + 8. Let m(g) = 4*g + 17. Let f(v) = 3*v + 18. Let z(p) = -3*f(p) + 2*m(p). Let c be z(-14). Calculate t(c).
-10
Let w be (3 + 7)*(-4)/(-32)*-2*-2. Let x(f) = 3*f**3 + 6*f**2 - 5*f - 4. Let k(u) = 8*u**3 + 18*u**2 - 15*u - 12. Let g(b) = 4*k(b) - 11*x(b). Determine g(w).
-4
Let f(n) = -n**2 + 9*n. Let z = -326 - -334. Determine f(z).
8
Let v(b) be the first derivative of -2*b**4 + b - 1/3*b**3 - 9 - 1/2*b**2. Determine v(1).
-9
Suppose -3*i = i - 2*r - 20, 20 = 4*i + 4*r. Let l(g) = 3*g**2 - 5*g + 4. Determine l(i).
54
Let t(m) = -7 + 1 - 14*m - 17*m + 33*m. What is t(4)?
2
Let p(j) = -3*j**2 - 3*j + 1. Suppose 0 = -4*d - 2 + 10, -4*x - 3*d = -22. Let q be x/(-8)*(5 - 9). Calculate p(q).
-17
Let b(z) = -z**2 + 76*z - 354. Let f be b(71). Let p(g) be the third derivative of 11*g**5/30 - g**3/6 - 2*g**2. Calculate p(f).
21
Let s(o) = -o + 10. Suppose -2*z + 12 = y, 5*z - y = 25 - 2. Determine s(z).
5
Let g be 68/(-10) + 61/(-305). Let x(m) = -3*m**2 - 22*m - 7. Determine x(g).
0
Let d(u) be the first derivative of -u**3/3 + 3*u**2 - 2*u + 15. Let o(l) = 5*l - 4. Let w be o(2). What is d(w)?
-2
Let v be (-3)/((-1)/(-8)*-6). Suppose 2*r - 3*r - 2 = v*a, -2*r = -3*a + 15. Let u(f) = -f**2 - 9*f - 9. Determine u(r).
9
Let o(t) = -2*t - 2 + 1 + 2. Let l be -3 + 11 + -2 + -3. Let m be (1/l)/((-1)/6). What is o(m)?
5
Suppose 2*g + 6 - 8 = 0. Let w(t) = 35*t**2 + 5*t - 5. Let q = 18 - 7. Let y(d) = 7*d**2 + d - 1. Let u(n) = q*y(n) - 2*w(n). Determine u(g).
7
Let q(v) = v**3 + 3*v**2 - 8*v - 13. Let r be q(-4). Let h(m) = -4*m**3 - m**2 - 3 + 4 + 20*m**3 - 3*m**r. Calculate h(-1).
-13
Let i be -8*3/(-42)*(-14)/(-4). Let b(v) be the second derivative of 7*v + v**3 + 2*v**i + 1/12*v**4 + 0. Give b(-3).
-5
Suppose 0 = -5*c - 20, -9*r = -4*r - 2*c - 28. Let o(a) be the second derivative of -a**5/20 + a**4/4 + 2*a**3/3 - 3*a**2/2 + 4*a. Give o(r).
-3
Let c(p) = 2*p**2 - 6*p - 4. Suppose 0 = -8*z + 34 - 10. Let s(x) = 5*x**2 - 17*x - 11. Let v(w) = z*s(w) - 8*c(w). Determine v(-4).
-5
Let y(d) = -3 - 2*d**2 - 2*d**3 + 6*d + 2 + 5*d**3. Let a(j) = -3*j**3 + j**2 - 5*j. Let i(r) = -4*a(r) - 3*y(r). Give i(-2).
-17
Let n(c) = -c**3 - 11*c**2 - 11*c - 9. Suppose -4*f + 26 = -2*g - f, -2*g - 22 = -f. Give n(g).
1
Let f(a) = 26 + 5*a + 10*a - a - 12*a. Determine f(-22).
-18
Let u = 92 + -86. Let h be (-19)/(-2) - 4/8. Let l(w) = -5*w**3 + 6*w + 4*w**3 + 2*w**3 - 7*w**2 - h. What is l(u)?
-9
Let l(b) be the first derivative of b**2/2 - b + 4. Suppose c - 2*n = 0, 0 = -3*n - 0*n - 12. Let q(g) = g**3 + 9*g**2 + 10*g + 11. Let o be q(c). What is l(o)?
-6
Let a(q) = 4*q**2 + 2*q**3 + 1 + 0*q**3 - 16*q**3 + 13*q**3. Determine a(3).
10
Let y(x) = -x**3 - 8*x**2 + x + 5. Let l be ((-2150)/(-55))/(-5) - 10/55. What is y(l)?
-3
Let r(b) = -4*b**3 + 6*b**2 - 4*b - 1. Let x(d) = d**2 - 1. Let f be x(2). Let s(m) = -5*m**3 + 6*m**2 - 4*m - 1. Let t(i) = f*s(i) - 4*r(i). Give t(5).
-4
Let s(b) = -b + 1. Let l(y) = y**2 - 12*y - 1. Let m(d) = l(d) - 4*s(d). Determine m(5).
-20
Let x(v) = 0*v**2 + 4 - 6*v + 3*v**2 + 3*v*